mmon factor of r and c?
2
Let u be (114/4)/(3/8). Let n be -1 + (-5 - -3) + 39. Let t = n + -17. Calculate the greatest common divisor of t and u.
19
Let n(f) = f**3 + 1. Let j be n(2). Suppose -20 = -5*r, r - 4*r = 4*h. Let q be 1/((-3)/(-136)) - (-1)/h. Calculate the greatest common divisor of q and j.
9
Suppose 17*b - 192 - 1134 = 0. Calculate the highest common divisor of b and 6.
6
Let p = -38 - 24. Let t = -8 - p. Let l = t + -31. Calculate the greatest common divisor of l and 92.
23
Suppose -3*f + 5*v - 355 = 0, 3*f = 2*v - 281 - 86. Let h = f - -320. Calculate the greatest common divisor of 39 and h.
39
Let p be 4/2 - 1 - -15. Let t(s) = -3*s + 104. Let u be t(8). What is the highest common divisor of u and p?
16
Let q(f) = 17*f - 8. Let k be q(4). Let i = k - 20. Suppose -4*y = y - i. Calculate the highest common divisor of y and 8.
8
Let f(l) = 2*l**3 + 44*l**2 + 78*l - 39. Let t be f(-19). Calculate the highest common factor of t and 30.
15
Let n(o) = 47*o**3 + o**2 - 7*o + 18. Let s be n(2). What is the highest common factor of s and 72?
24
Suppose -819*m + 231 = -816*m. Calculate the greatest common divisor of 88 and m.
11
Suppose -1250 = -10*j + 4810. Calculate the greatest common factor of 6 and j.
6
Suppose 8*x - 28 = x. What is the greatest common factor of x and 12?
4
Suppose 0 = -3*r - 3*r + 54. Let t be (57/(-1))/(6 - r). Calculate the greatest common factor of 133 and t.
19
Let c(d) = -d**3 - 17*d**2 + 15*d + 6. Let x(v) = v**2 + 19*v - 18. Let l be x(-19). Let j be c(l). What is the greatest common divisor of 18 and j?
6
Let l be -1 - -2 - -12 - -1. Suppose -2*v - 175 = -3*q, 0 = 4*v - 8*v + 3*q - 341. Let a = v - -139. What is the greatest common divisor of a and l?
14
Let n be (-10)/(-3)*(-15)/(-10). Suppose -w = -n - 50. Let y be (22/3*-3)/(-2). Calculate the greatest common factor of w and y.
11
Let a = 10 + 12. Suppose -4*h + 18 = 3*f - 5*f, -5*h + a = -2*f. Suppose -h = -m + 6. Calculate the greatest common factor of m and 110.
10
Let k(w) = 14*w**2 + 135*w - 16. Let a be k(-18). What is the highest common divisor of a and 55?
55
Suppose 4*r + 2*b - 78 = -3*b, -4*r + 3*b = -94. Suppose 3*s - 177 + 14 = -2*i, 0 = -3*s + 2*i + 167. What is the greatest common factor of r and s?
11
Suppose 2*f = -2*v + 32, 0 = -2*v - 3*v - 3*f + 80. Suppose -73 = 9*s - 1225. Calculate the greatest common factor of s and v.
16
Let c = 6 - 2. Suppose 0 = 2*m - 10, -5*p - c*m + 50 = 0. Calculate the highest common factor of 2 and p.
2
Let d(k) = 27*k**2 + k + 7. Let q be d(-3). Calculate the greatest common divisor of q and 13.
13
Let v be ((-40)/(-6))/(4/((-216)/(-6))). Suppose v = d - 5*x, -d = -6*d + 2*x + 254. What is the greatest common factor of d and 10?
10
Suppose -4*k - 604 = -636. Let c be 532/6 + (-4)/6. What is the greatest common factor of c and k?
8
Let r(x) = -x**3 + 23*x**2 - 21*x - 117. Let t be r(21). Calculate the greatest common factor of 12 and t.
12
Let h = -103 + -74. Let r = -117 - h. Calculate the highest common divisor of 90 and r.
30
Let d(o) = 15*o + 250. Let t be d(-16). Calculate the highest common divisor of 710 and t.
10
Suppose 8*a = 3*z + 9*a - 620, -4*a = 3*z - 608. Calculate the greatest common divisor of 39 and z.
13
Suppose f + 2*f = -4*u + 49, -5*f + 5 = -u. Calculate the greatest common factor of 16 and u.
2
Suppose 0 = s + 3*g - 315, 4*g - 332 = -5*s + 1210. Calculate the highest common divisor of 36 and s.
18
Suppose 2*x - x = 2*p - 406, -5*p = -x - 1015. Let g be 24 - -2 - (-2 + 2 + -3). Calculate the greatest common factor of g and p.
29
Suppose 2*b = -8, -3*g + 16 = 5*b - 264. Let u = 17 + 3. What is the highest common factor of u and g?
20
Let c(s) = 5*s + 255. Let b be c(-39). Suppose 5*u = -0*u + 25. What is the greatest common factor of b and u?
5
Let w be (-444)/(-14) + 6/21. Let f be w/20 + (-2)/(-5). Suppose 3*l = -f*c + 105, -c + 3*l + 23 = -7. What is the greatest common divisor of 18 and c?
9
Suppose 0 = -5*v - 460 + 1410. Calculate the highest common factor of v and 5.
5
Let x be (26 - 0)/(-3 + 4). Suppose -2*m + 2*n = -18, 30 = -4*m + 6*m + n. What is the highest common divisor of m and x?
13
Let y(a) = 26*a - 8*a**2 - a**3 - 11*a**2 - 23 - 28*a - 4*a**2. Let m be y(-23). Calculate the highest common factor of 92 and m.
23
Let s(t) = 31*t**3 + 1. Let p be s(1). Let l = p + -23. Calculate the greatest common factor of l and 72.
9
Suppose 2*d = -l - 2*l + 37, -2*l + 19 = d. What is the highest common divisor of 17 and d?
17
Let k(f) = 16*f**2 + 31*f - 116. Let t be k(3). What is the greatest common factor of t and 66?
11
Let i = 8 - -102. Suppose -38 + i = 4*h. Calculate the highest common divisor of h and 2.
2
Let n(l) = -2*l**3 - 3*l**2 - 8*l + 9. Let f be n(-8). Suppose f + 50 = 5*y. Let a = -11 + y. What is the highest common factor of 18 and a?
18
Let j(w) = -w - 3. Let t be j(-5). Suppose -5*o + 4*p = -880, -o + 3*p = -t*p - 155. What is the highest common divisor of 20 and o?
20
Let c(p) = 7*p**2 - 12*p. Let r be c(6). What is the highest common divisor of r and 140?
20
Let z be ((-36)/(-20))/((-28)/70)*-2. Suppose 0 = 6*s - 3*s - 216. What is the greatest common factor of z and s?
9
Let x be 0/(-46) - (-22)/2. What is the highest common factor of 1 and x?
1
Suppose -10*c = -11*c + 15. Suppose 0 = q - 6 + 1. Suppose -t - 2*l = -c, l - q = -t - 3*l. What is the highest common factor of 275 and t?
25
Suppose 0 = -3*i + 33 + 24. What is the greatest common divisor of 11 and i?
1
Let z = -2773 - -2849. Calculate the greatest common factor of 6 and z.
2
Let f(y) = -169*y - 9. Let i be f(-1). Calculate the greatest common factor of 25 and i.
5
Let u be (14/3)/((-14)/(-24339)*19). What is the highest common factor of 244 and u?
61
Let p(f) = 15*f - 33. Let t be p(10). Calculate the greatest common divisor of t and 312.
39
Let t be (-236)/(-30) + 60/450. Calculate the greatest common divisor of t and 36.
4
Let c be ((-1)/(-2) + 0)*594/27. What is the highest common factor of c and 946?
11
Let p(q) = q**2 + 16*q + 30. Let v be p(-14). Suppose -2*u + 133 = -m, v*m - 1 + 3 = 0. Calculate the highest common factor of u and 6.
6
Let m be 3/(-12) - (-510)/(-8). Let q = -8 - m. Suppose -3*r + 5 + 1 = 0, 5*l = 5*r + 130. What is the highest common divisor of q and l?
28
Let x be (114 + (-72)/(-8))*1. Calculate the greatest common divisor of x and 205.
41
Let s be 9*1*3/9. Suppose 0 = -s*c - 0*c + 132. Let u = 94 + -28. Calculate the greatest common divisor of u and c.
22
Let t(g) = 2*g**3 - 10*g**2 - 5*g - 7. Let u be t(6). Let o = 50 - u. What is the highest common factor of 3 and o?
3
Let c(b) = -2*b + 6. Let w(k) = -1. Let f(x) = -5*c(x) - 30*w(x). Let j be f(3). Calculate the greatest common divisor of 75 and j.
15
Let d be -2 + -3 + 26 + -6. Let j be -2 + (336 - (1 - 1)). Suppose 3*m = 2*w + m - j, 5*w - 3*m - 831 = 0. Calculate the greatest common divisor of d and w.
15
Let q = -5 - -4. Let t be q + 0 + -1 + 306. Let p = -161 + t. Calculate the highest common factor of 13 and p.
13
Let p(t) = -5*t**3 - 32*t - 77. Let v be p(-3). Suppose i = 15 + 7. What is the greatest common divisor of v and i?
22
Suppose 37*u - 81 = 36*u. Suppose 3*s = -s + 216. Calculate the greatest common factor of s and u.
27
Let b = -52 + 108. Suppose y + 1 = -2*v - 2*v, -4*v - 2*y - 2 = 0. Suppose -n + 8 - 1 = v. Calculate the highest common divisor of n and b.
7
Let o(n) = 11*n + 4. Let r be o(25). Suppose 4*z = -4*k + 228, -k + z = 4*k - r. Calculate the highest common factor of k and 24.
8
Let m be 16 - (8 + -10) - (3 - 2 - -4). Suppose -27 = -d + 119. Suppose 0 = 4*r - d - 114. What is the highest common divisor of m and r?
13
Let t(v) be the second derivative of v**3/6 - 13*v**2/2 - 4*v. Let m be t(17). What is the greatest common factor of 12 and m?
4
Let r be ((-11)/1)/((-10)/20). Let k(x) = -12*x - 6. Let u be k(-6). Calculate the highest common factor of u and r.
22
Let z(i) = i**2 + 7*i + 6. Let r be z(-8). Let s = r + -24. Let l = s - -13. What is the highest common factor of l and 12?
3
Let w = 19 + -10. Let z be (-6)/(-21) + (-66)/(-14). Suppose 0 = 5*l + z, -2*m + 34 = 4*l - 2*l. Calculate the greatest common divisor of w and m.
9
Let b be (-1)/4 + 185/4. What is the greatest common factor of 4